when d(3) is divided by f.
11
Suppose 3*h = -158 + 161, 0 = 3*p + h - 118. Let t(d) = 18*d**2 - d. Let a be t(1). Let y = p - a. What is the remainder when 65 is divided by y?
21
Let v = 8351 - 8195. Calculate the remainder when 895 is divided by v.
115
Let i be -1*(7 - 4) - -7. Suppose -31 = i*r - 303. What is the remainder when 335 is divided by r?
63
Suppose 7*t + 11*t + 34734 = 35130. Let f = 40 - -57. What is the remainder when f is divided by t?
9
What is the remainder when ((-27)/(-18))/(3/306) is divided by 85?
68
Suppose -4*j - 36139 = -36359. What is the remainder when (-615)/(-6) - 3/(-6) is divided by j?
48
Calculate the remainder when 266 is divided by 20 - 596*8/(-32).
97
Suppose f - 5*g - 815 = 0, -3*g = 2*f - 0*f - 1695. Suppose -13*j - f = -20*j. What is the remainder when j is divided by 44?
32
Let n(s) = -s**3 - 8*s**2 + 8*s - 14. Let v be n(-7). Let f be ((6/(-2))/(-3))/((-1)/v). Suppose -3*b = 4*b - f. Calculate the remainder when b is divided by 5.
2
Suppose -84 = -6*h - 6*h. Suppose 0 = 11*j - h*j - 1512. Suppose 1374 - j = 6*a. What is the remainder when a is divided by 42?
40
Let h(s) = -4*s - 15. Let n(f) = 5 + 0 - 5 - 1. Let y(x) = -h(x) - 3*n(x). What is the remainder when 19 is divided by y(-2)?
9
Let q(s) = 29*s + 6. Let c be q(-4). Let a = -1201 - -1044. Let p = c - a. Calculate the remainder when p is divided by 26.
21
Let z(g) = g**2 - 14*g - 61. Calculate the remainder when 1671 is divided by z(-4).
10
What is the remainder when (7624*3)/3*6/12 is divided by 95?
12
Let t be ((-3)/(-1))/(12/8). Suppose 0 = 2*w - 6 + t. Calculate the remainder when (-2 - -4 - -4) + w is divided by 3.
2
Suppose 5*l - 6*l + 2 = 0. Suppose -c - 21 = -l*y, 4*y + 2*c + c - 67 = 0. Suppose -2*s + 180 = 3*s. Calculate the remainder when s is divided by y.
10
Suppose -3*n - 5*u + 40 = 2*n, -5*n - 2*u + 25 = 0. Suppose t = a + n, 3*a + 5 = 4*t - 11. Calculate the remainder when 40/24 + (-100)/(-12) is divided by t.
3
Let t(s) = s**3 + 2*s**2 + 2*s - 7. Let u be t(5). Suppose 3*p - 20 = -2*p, 0 = -5*b - 2*p + u. Calculate the remainder when 100 is divided by b.
32
Let s(o) = 4*o**2 + 9*o + 8. Let t(m) = m**2 + 3 + 23 - 11*m - 3. Let p be t(7). What is the remainder when s(p) is divided by 32?
31
Let l = 11817 + -11708. Calculate the remainder when 572 is divided by l.
27
Let g = -26 + 32. Suppose 11*d = g + 126. What is the remainder when 80 is divided by d?
8
Calculate the remainder when (140/30)/((-2)/3)*-243 is divided by 38.
29
Calculate the remainder when 159 is divided by (-404)/(-6) - 928/696.
27
Let y be (((-80)/(-12))/2)/((-2)/(-12)). Suppose 128 - y = 2*g. Calculate the remainder when g is divided by 17.
3
Let d(s) = 66*s**2 - 1184*s + 30. What is the remainder when d(24) is divided by 57?
54
Let m(t) = -2419*t + 19863. Calculate the remainder when m(8) is divided by 494.
17
Let b be ((-38)/6)/((-3)/9). Let a = 10 + b. Suppose -66 - 104 = -2*r. Calculate the remainder when r is divided by a.
27
Suppose -10*f + 6*f = -4*g - 876, g - 417 = -2*f. What is the remainder when f is divided by 80?
52
Suppose 394*o + 68*o = 55358 + 44896. Calculate the remainder when o is divided by 98.
21
Suppose 183*a + 297 = 7983. What is the remainder when 3357 is divided by a?
39
Suppose -7*r + 53 = -38. Suppose 0 = -r*z + 573 - 27. Suppose -8*a = z - 122. Calculate the remainder when 14 is divided by a.
4
Suppose 8*l - 14 = 10. Suppose l*w = 6, -4*y + 6*y + 2 = 4*w. Calculate the remainder when 35 is divided by 2*y*2*35/21.
15
Suppose 4*r - 39*s + 41*s - 440 = 0, 4*r - 2*s = 416. Calculate the remainder when 639 is divided by r.
104
Suppose -x - 124 = -3*q, 199 + 21 = 5*q + 5*x. Suppose 3*j = 3, -6*f + q = -4*f - 2*j. Calculate the remainder when 60 is divided by f.
16
Suppose -1156 - 496 = -7*c. Calculate the remainder when c is divided by ((-8)/(-28))/(1*(-2)/(-238)).
32
Let b(o) = -o**3 + 9*o**2 + 9*o + 15. Suppose 0 = -5*r - 5*n - 45, -6*r + 4*r - 26 = 4*n. Let y = 15 + r. Calculate the remainder when 19 is divided by b(y).
4
Let d = -6 - -25. Let b = 27 - d. Suppose 28*j = 25*j + 111. Calculate the remainder when j is divided by b.
5
Suppose -d = -j - 4*j - 12, 2*d - 39 = -5*j. Suppose 3*y - 228 = -3*q, 4*y + 425 = 6*q - q. What is the remainder when q is divided by d?
13
Let y(j) = -j**3 + 131*j**2 - 99*j - 1020. Calculate the remainder when y(130) is divided by 23.
20
Suppose -2*s - 135 = -3*m, -177 = -4*m - 48*s + 51*s. Let z = -60 - -160. Calculate the remainder when z is divided by m.
49
Let n = -3657 - -4331. What is the remainder when n is divided by 100?
74
Let h(r) = 14*r + 78. Let z be h(8). Suppose -40 = -5*v + z. What is the remainder when v is divided by 17?
12
Let f = -21 + 83. Let o = 4 + 241. What is the remainder when o is divided by f?
59
What is the remainder when 4243 is divided by 47232/648 - (-8)/(-9)?
67
Let q(m) = 7*m**2 + 2*m - 15. Let y = 13 - 49. Let j = 50 + y. What is the remainder when q(3) is divided by j?
12
Suppose 0 = -4*b + 22 + 46. Let v(s) = 146*s**2 - 1163*s + 25. What is the remainder when v(8) is divided by b?
14
Suppose -3*p + 3*r + 429 = 0, -42*p - 5*r + 131 = -41*p. What is the remainder when p is divided by 51 + 0/((-14)/(-7))?
39
What is the remainder when (-9)/18 - 291/(-2) is divided by 2 - (4 - 117/3)?
34
Let u(k) = -50*k - 60. Let t be u(-5). Suppose t*p + 175 = 197*p. Let i(g) = -g + 1. Calculate the remainder when p is divided by i(-3).
1
Suppose -v = 3*x + v + 635, -4*v + 820 = -4*x. Let b = 219 + x. Calculate the remainder when 99 is divided by b.
9
Suppose -4*w = 16, 2*w + 4 = 2*o + 22. Let m(h) = h**2 + 14*h - 244. Calculate the remainder when m(11) is divided by 4 - o*2/2.
14
Suppose 4*s - 5*m - 8 - 211 = 0, 4*m = -5*s + 243. Suppose -169 = -11*b + s. Calculate the remainder when 32 is divided by b.
12
Let m(k) = -k**2 + 17*k - 15. Let z = -3 - -14. What is the remainder when m(z) is divided by 9?
6
Let m(j) = 2*j**2 + 7*j + 6. Let u(r) = -4*r**2 + 2*r + 2. Let p be u(-1). Calculate the remainder when -10*(-32)/40 - (-5 + -15) is divided by m(p).
8
Let t(a) be the second derivative of a**5/20 + 9*a**4/4 + 25*a**3/6 - 7*a**2 - 95*a + 2. What is the remainder when 42 is divided by t(-26)?
6
Calculate the remainder when 1387 is divided by 60*-11*28/(-385).
43
Calculate the remainder when 184 is divided by (-15)/((-1140)/(-133))*-8.
2
Let f be 18/36 + (-1718)/(-4). Suppose -f = 3*w - 1471. Suppose -8*z + 250 = -3*z. What is the remainder when w is divided by z?
47
Let b(f) be the third derivative of -f**4/24 - f**3/6 + 2*f**2. Let s = -2422 - -2425. Calculate the remainder when s is divided by b(-2).
0
Let m = -36 + 35. What is the remainder when (m - -2)*(-3920)/(-40) is divided by 25?
23
Suppose -6 = -4*c - 34, 3*d = -c + 161. Calculate the remainder when 1202 is divided by d.
26
Suppose 0 = -3*o - 4*z + 48, -3*z + 80 = 5*o - 7*z. Let c(f) = 30 - 10*f + 2 - o + f**2. What is the remainder when 78 is divided by c(10)?
14
Let i = 52 - 28. Suppose m - j = 32, 3*m + 3*j = -m + 156. Suppose -m = -a + 33. Calculate the remainder when a is divided by i.
21
Suppose b - 52 = -x, -3*b + 0*x + 161 = 4*x. Let u = -37 + b. Suppose 15 = 2*c - 23. Calculate the remainder when c is divided by u.
9
Suppose -2*a - 122*n + 2926 = -121*n, 3*a = -4*n + 4389. Calculate the remainder when a is divided by 6.
5
Let d = 18 - 13. Let h(q) = 5*q - 1. Calculate the remainder when h(15) is divided by (-2)/1 - (d + -32).
24
Suppose -462858 = -258*v + 29148. What is the remainder when v is divided by 147?
143
Suppose -1432*b + 9555 = -1383*b. Calculate the remainder when 967 is divided by b.
187
Let p = -3 + 2. What is the remainder when p*4*(-2 + 0) is divided by 11/6 + -2 + 31/6?
3
Suppose 0 = 5*h - 3*j + 63, -h - 4*h - 4*j - 91 = 0. Let d be ((-56)/6)/(h/1890). What is the remainder when 64 is divided by (-2)/(-10) - d/(-70)?
13
Suppose -863 = -6*v + 2*v + m, 2*m = 5*v - 1075. Suppose -5*t + 173 = -v. Suppose 16*a - 3*a - t = 0. What is the remainder when 14 is divided by a?
2
Let d(y) be the second derivative of y**5/20 - 23*y**4/12 + y**3/6 - 10*y**2 + 334*y. Let g = 26 + -3. Calculate the remainder when 9 is divided by d(g).
0
Suppose -4*m = -3*m - 5. Suppose m*u + 630 = 715. Calculate the remainder when 61 is 